{"id":3889,"date":"2025-04-09T22:18:52","date_gmt":"2025-04-10T01:18:52","guid":{"rendered":"https:\/\/corpoequilibrado.com.br\/?page_id=3889"},"modified":"2025-04-09T22:18:54","modified_gmt":"2025-04-10T01:18:54","slug":"aviso-legal","status":"publish","type":"page","link":"https:\/\/corpoequilibrado.com.br\/es\/aviso-legal\/","title":{"rendered":"Aviso legal"},"content":{"rendered":"<h3 class=\"wp-block-heading\"><strong>Aviso legal<\/strong><\/h3>\n\n\n\n<p>El contenido puesto a disposici\u00f3n en el blog <strong>Cuerpo equilibrado<\/strong> tiene car\u00e1cter <strong>exclusivamente informativo y educativo<\/strong>. Nuestro objetivo es compartir informaci\u00f3n basada en fuentes confiables, estudios, experiencias y contenido p\u00fablico sobre salud, bienestar, suplementaci\u00f3n, sue\u00f1o, nutrici\u00f3n, calidad de vida y temas relacionados.<\/p>\n\n\n\n<p><strong>La informaci\u00f3n aqu\u00ed publicada no sustituye, en ning\u00fan caso, el seguimiento y orientaci\u00f3n de profesionales cualificados.<\/strong>, como m\u00e9dicos, nutricionistas, psic\u00f3logos u otros especialistas de la salud.<\/p>\n\n\n\n<p>Recomendamos encarecidamente que cualquier decisi\u00f3n sobre tratamientos, dietas, uso de suplementos o cambios en el estilo de vida se tome con la orientaci\u00f3n adecuada de un profesional de la salud.<\/p>\n\n\n\n<p>EL <strong>Cuerpo equilibrado<\/strong> no es responsable de las interpretaciones, aplicaciones o consecuencias resultantes del uso directo o indirecto de la informaci\u00f3n disponible en este sitio web.<\/p>\n\n\n\n<hr class=\"wp-block-separator has-alpha-channel-opacity\"\/>\n\n\n\n<p><strong>Fecha de \u00faltima actualizaci\u00f3n:<\/strong> Abril de 2025<\/p>","protected":false},"excerpt":{"rendered":"<p>Aviso Legal O conte\u00fado disponibilizado no blog Corpo Equilibrado tem car\u00e1ter exclusivamente informativo e educativo. Nosso objetivo \u00e9 compartilhar informa\u00e7\u00f5es baseadas em fontes confi\u00e1veis, estudos, experi\u00eancias e conte\u00fados p\u00fablicos sobre sa\u00fade, bem-estar, suplementa\u00e7\u00e3o, sono, alimenta\u00e7\u00e3o, qualidade de vida e temas [&hellip;]<\/p>","protected":false},"author":1,"featured_media":0,"parent":0,"menu_order":0,"comment_status":"closed","ping_status":"closed","template":"","meta":{"_uag_custom_page_level_css":"","site-sidebar-layout":"default","site-content-layout":"","ast-site-content-layout":"default","site-content-style":"default","site-sidebar-style":"default","ast-global-header-display":"","ast-banner-title-visibility":"","ast-main-header-display":"","ast-hfb-above-header-display":"","ast-hfb-below-header-display":"","ast-hfb-mobile-header-display":"","site-post-title":"","ast-breadcrumbs-content":"","ast-featured-img":"","footer-sml-layout":"","ast-disable-related-posts":"","theme-transparent-header-meta":"","adv-header-id-meta":"","stick-header-meta":"","header-above-stick-meta":"","header-main-stick-meta":"","header-below-stick-meta":"","astra-migrate-meta-layouts":"set","ast-page-background-enabled":"default","ast-page-background-meta":{"desktop":{"background-color":"","background-image":"","background-repeat":"repeat","background-position":"center center","background-size":"auto","background-attachment":"scroll","background-type":"","background-media":"","overlay-type":"","overlay-color":"","overlay-opacity":"","overlay-gradient":""},"tablet":{"background-color":"","background-image":"","background-repeat":"repeat","background-position":"center center","background-size":"auto","background-attachment":"scroll","background-type":"","background-media":"","overlay-type":"","overlay-color":"","overlay-opacity":"","overlay-gradient":""},"mobile":{"background-color":"","background-image":"","background-repeat":"repeat","background-position":"center center","background-size":"auto","background-attachment":"scroll","background-type":"","background-media":"","overlay-type":"","overlay-color":"","overlay-opacity":"","overlay-gradient":""}},"ast-content-background-meta":{"desktop":{"background-color":"var(--ast-global-color-5)","background-image":"","background-repeat":"repeat","background-position":"center center","background-size":"auto","background-attachment":"scroll","background-type":"","background-media":"","overlay-type":"","overlay-color":"","overlay-opacity":"","overlay-gradient":""},"tablet":{"background-color":"var(--ast-global-color-5)","background-image":"","background-repeat":"repeat","background-position":"center center","background-size":"auto","background-attachment":"scroll","background-type":"","background-media":"","overlay-type":"","overlay-color":"","overlay-opacity":"","overlay-gradient":""},"mobile":{"background-color":"var(--ast-global-color-5)","background-image":"","background-repeat":"repeat","background-position":"center center","background-size":"auto","background-attachment":"scroll","background-type":"","background-media":"","overlay-type":"","overlay-color":"","overlay-opacity":"","overlay-gradient":""}},"footnotes":""},"class_list":["post-3889","page","type-page","status-publish","hentry"],"uagb_featured_image_src":{"full":false,"thumbnail":false,"medium":false,"medium_large":false,"large":false,"1536x1536":false,"2048x2048":false,"trp-custom-language-flag":false},"uagb_author_info":{"display_name":"Equipe Corpo Equilibrado","author_link":"https:\/\/corpoequilibrado.com.br\/es\/author\/rcastello20gmail-com\/"},"uagb_comment_info":0,"uagb_excerpt":"Aviso Legal O conte\u00fado disponibilizado no blog Corpo Equilibrado tem car\u00e1ter exclusivamente informativo e educativo. Nosso objetivo \u00e9 compartilhar informa\u00e7\u00f5es baseadas em fontes confi\u00e1veis, estudos, experi\u00eancias e conte\u00fados p\u00fablicos sobre sa\u00fade, bem-estar, suplementa\u00e7\u00e3o, sono, alimenta\u00e7\u00e3o, qualidade de vida e temas [&hellip;]","_links":{"self":[{"href":"https:\/\/corpoequilibrado.com.br\/es\/wp-json\/wp\/v2\/pages\/3889","targetHints":{"allow":["GET"]}}],"collection":[{"href":"https:\/\/corpoequilibrado.com.br\/es\/wp-json\/wp\/v2\/pages"}],"about":[{"href":"https:\/\/corpoequilibrado.com.br\/es\/wp-json\/wp\/v2\/types\/page"}],"author":[{"embeddable":true,"href":"https:\/\/corpoequilibrado.com.br\/es\/wp-json\/wp\/v2\/users\/1"}],"replies":[{"embeddable":true,"href":"https:\/\/corpoequilibrado.com.br\/es\/wp-json\/wp\/v2\/comments?post=3889"}],"version-history":[{"count":0,"href":"https:\/\/corpoequilibrado.com.br\/es\/wp-json\/wp\/v2\/pages\/3889\/revisions"}],"wp:attachment":[{"href":"https:\/\/corpoequilibrado.com.br\/es\/wp-json\/wp\/v2\/media?parent=3889"}],"curies":[{"name":"wp","href":"https:\/\/api.w.org\/{rel}","templated":true}]}}

<h3 class="wp-block-heading"><strong>Aviso legal</strong></h3>



<p>El contenido puesto a disposición en el blog <strong>Cuerpo equilibrado</strong> tiene carácter <strong>exclusivamente informativo y educativo</strong>. Nuestro objetivo es compartir información basada en fuentes confiables, estudios, experiencias y contenido público sobre salud, bienestar, suplementación, sueño, nutrición, calidad de vida y temas relacionados.</p>



<p><strong>La información aquí publicada no sustituye, en ningún caso, el seguimiento y orientación de profesionales cualificados.</strong>, como médicos, nutricionistas, psicólogos u otros especialistas de la salud.</p>



<p>Recomendamos encarecidamente que cualquier decisión sobre tratamientos, dietas, uso de suplementos o cambios en el estilo de vida se tome con la orientación adecuada de un profesional de la salud.</p>



<p>EL <strong>Cuerpo equilibrado</strong> no es responsable de las interpretaciones, aplicaciones o consecuencias resultantes del uso directo o indirecto de la información disponible en este sitio web.</p>



<hr class="wp-block-separator has-alpha-channel-opacity"/>



<p><strong>Fecha de última actualización:</strong> Abril de 2025</p>

<p>Aviso Legal O conteúdo disponibilizado no blog Corpo Equilibrado tem caráter exclusivamente informativo e educativo. Nosso objetivo é compartilhar informações baseadas em fontes confiáveis, estudos, experiências e conteúdos públicos sobre saúde, bem-estar, suplementação, sono, alimentação, qualidade de vida e temas [&hellip;]</p>

Aviso Legal O conteúdo disponibilizado no blog Corpo Equilibrado tem caráter exclusivamente informativo e educativo. Nosso objetivo é compartilhar informações baseadas em fontes confiáveis, estudos, experiências e conteúdos públicos sobre saúde, bem-estar, suplementação, sono, alimentação, qualidade de vida e temas [&hellip;]
